tors of d.
3, 11
Let a = 13856 - 9393. List the prime factors of a.
4463
Suppose 2*q + 3*q - 3*d = 68, 0 = 4*q + 5*d - 47. Let r = q - 15. List the prime factors of r/(-9) - 196/(-9).
2, 11
Let v(d) = -2*d**2 + 6*d. Let r(g) = g**2 - 3*g. Let u(f) = -7*r(f) - 4*v(f). What are the prime factors of u(-2)?
2, 5
Let p = -65 - -215. Suppose -l + 0*l - 2*w = -p, w = 4. What are the prime factors of l?
2, 71
Suppose -3*x + 0*g = 3*g - 888, 3*g - 588 = -2*x. Suppose -2*f - 3*f = -x. Let k = f + -15. List the prime factors of k.
3, 5
Let b = 4 - -429. List the prime factors of b.
433
Let o(y) = y**3 - 2*y**2 - 2*y + 6. Let z be o(4). Suppose 2*w - 177 = -3*p, -4*p - 2*w + 229 = 3*w. Let b = p - z. List the prime factors of b.
31
Suppose 31*l - 69212 = 5*l. What are the prime factors of l?
2, 11
Let r(x) = -x**2 - 2*x. Let f be r(-2). Suppose -t + f*s = s - 51, 3*t - 118 = 4*s. Suppose -2*i + 0 = -t. What are the prime factors of i?
23
List the prime factors of 19*-115*(-8)/8.
5, 19, 23
Suppose 8*p - 139 = 3*p + 3*i, -39 = -p - 5*i. Let b = p + -25. Suppose b*t - 125 = 151. List the prime factors of t.
3, 23
What are the prime factors of 1694 - (3 - 2/(-1)) - -6?
3, 5, 113
Let i(d) = -10*d - d**2 + 7 - 5 + d. Let l be i(-9). Suppose -l*x = 2*x - 108. List the prime factors of x.
3
Let j(p) = -4*p + 44. Let m be j(10). Suppose 0*r - 8 = -2*r. Suppose -5*y + m*v = -169, -y = -r*y + 4*v + 103. List the prime factors of y.
3, 11
Suppose 453 = a + 4*r, -5 + 11 = -3*r. List the prime factors of a.
461
Suppose p - 5 = 4*o - 5*o, 5*o - 20 = 0. Suppose -1 - p = 2*i - 3*q, i + 4*q = 21. Suppose -i*y + 95 = -2*h, -h = -5*y + 25 + 65. List the prime factors of y.
17
Suppose -13*i + 4*q = -11*i - 5162, 4*i = -q + 10369. What are the prime factors of i?
2591
Let h(t) be the second derivative of -t + 0 + 3*t**2 + 1/6*t**4 + 5/3*t**3. List the prime factors of h(-8).
2, 3
Suppose i - 5*k = 107, 5*i + 33 = -2*k + 622. What are the prime factors of i?
3, 13
Let r(p) = p - 1. Let n(y) = 4*y + 1. Let s(z) = -2*n(z) + 2*r(z). Let c be s(-10). Suppose k = 0, -c = -2*a + 3*k + 22. What are the prime factors of a?
3, 13
Suppose 7*j - 4*j - u - 17 = 0, -2*j + u + 11 = 0. Let f be j/(-2) - -10 - 1. What are the prime factors of (2*-1)/(f/(-75))?
5
Suppose 0*k + 5*k = 5*v + 435, 2*k - 162 = -2*v. List the prime factors of k.
2, 3, 7
Let t(n) = 3*n**3 + 2*n**2 - 3*n + 3. Let g(c) = c**3 + 6*c**2 - 6*c + 9. Let u be g(-7). List the prime factors of t(u).
29
Suppose 35 = -f + 2*n - 60, -4*f + n = 394. Let y = 129 + f. What are the prime factors of y?
2, 3, 5
Suppose 5*m + 5*j = -295, -3*m = 2*j - 6*j + 170. Let v = 86 + m. List the prime factors of v.
2, 7
What are the prime factors of (-2 + -3 + 6)*4263/21?
7, 29
Suppose -j - 5*z = -6, -2*z + 0*z = j - 9. Suppose 2*m - 4 = -4*u - 0, 0 = u - 2*m - j. Suppose -u*a + 5*a = 64. List the prime factors of a.
2
Let n be (-4 + (-1 - -3) - 22) + 1. Let w = 76 + n. What are the prime factors of w?
53
Let g be 4 - 16/(-12)*-3. Suppose g = 4*s - 2*s - 104. List the prime factors of s.
2, 13
Suppose h - 1445 = -9*t + 7*t, -2*h = 5*t - 3611. List the prime factors of t.
7, 103
Let b = -1551 - -3086. What are the prime factors of b?
5, 307
Let s be 2/(-7) + (-368)/(-161). Suppose -4*x = -5 - 3. List the prime factors of 19 - ((x - 7) + s).
2, 11
Let n(p) = 2*p**3 - 8*p**2 + 6*p - 18. Let k = -69 + 74. List the prime factors of n(k).
2, 31
Let b(r) = 6*r**3 + 2*r**2 - 7*r + 9. Let p be b(3). Let n = -116 + p. What are the prime factors of n?
2, 13
Let r be ((-4)/(-14))/(2/14 - 0). List the prime factors of r/3 - (-536)/6.
2, 3, 5
Suppose 0 = -5*u - 3*f - 486, 8*u + 5*f + 394 = 4*u. What are the prime factors of (-8)/(-5)*(u - -6)/(-2)?
2, 3
Let p(k) = k**3 + 8*k**2 - k - 2. Let r be p(-8). Let d = r + -3. Suppose -3*c = -a + 14, d = c + 1. What are the prime factors of a?
2, 5
Let p(q) = 491*q - 43. List the prime factors of p(7).
2, 1697
Let a = -189 + 586. What are the prime factors of a?
397
What are the prime factors of 11758/10 - (-3)/15?
2, 3, 7
Suppose -6 = 7*o - 10*o. Let r = 74 - o. List the prime factors of r.
2, 3
Let n be (124/(-8))/1*(-12 - -4). Let y = n - 42. List the prime factors of y.
2, 41
Suppose -2*d + d = 5. Let u be (2/d)/((-3)/(-4425)). List the prime factors of 4/10 + u/(-25).
2, 3
Let s(g) = g**3 - 7*g**2 + 2*g - 12. Let f be s(7). Suppose 0 = 2*u - r - 134, 5*r + 135 = f*u - 7. What are the prime factors of u?
2, 3, 11
Suppose 11*c = 5*f + 16*c - 2365, -5*f + 2361 = 4*c. What are the prime factors of f?
7, 67
Let w(c) be the third derivative of 0 + 1/60*c**5 + 1/2*c**3 - 2*c**2 + 11/24*c**4 + 0*c. What are the prime factors of w(-11)?
3
Let q be 68/(-6)*(-2 + 7/2). Let j = q - -98. List the prime factors of j.
3
Suppose 1127 = -5*v - 2123. What are the prime factors of v/(-4) - (-27)/(-54)?
2, 3
Let h(u) = -9*u - 10*u - 8 + 18*u - 5. Let b be h(-16). Suppose -2*s - 68 = -b*s. What are the prime factors of s?
2, 17
Let f(p) = 2*p**3 + 3*p**2 + 3*p + 2. Let n be f(-2). Let m(s) be the third derivative of -s**4/8 + 7*s**3/6 - 211*s**2. List the prime factors of m(n).
31
List the prime factors of -2361*7/(-42)*2.
787
List the prime factors of (-662)/6*(11 - 14).
331
Let b be 22/(-8)*1*(-7 - -3). Suppose -8*w = -b*w + 69. What are the prime factors of w?
23
Let c(a) = -34*a - 1. Let t(b) = -7*b - 13. Let u(o) = 4*o + 7. Let s(j) = 3*t(j) + 5*u(j). Let y be s(-3). What are the prime factors of c(y)?
3, 11
Let t(j) = j**3 + 5*j**2 - 8*j - 3. Let s be t(-5). Suppose -4*z - 5*f = 123, -6*f = -z - f - s. Let h = z - -60. What are the prime factors of h?
2, 7
Suppose -3*i + 0*i = 0. Suppose -h + 14 = 2*p - 13, i = -h + 5*p + 48. What are the prime factors of h?
3, 11
Let j(o) be the first derivative of o**2 + 45*o - 5. List the prime factors of j(20).
5, 17
Let v(n) = n**3 + 11*n**2 + 2*n + 1. Let z be v(-11). Let t = z - -23. Suppose -9 = -t*c + 19. What are the prime factors of c?
2, 7
Let q = 451 - 290. What are the prime factors of q?
7, 23
Let t(f) = f + 8. Let s be t(-8). Suppose 2*w + 2*w - 16 = s. Suppose -w*q = -5*q + 37. List the prime factors of q.
37
Suppose y = -3*a + 280, 0*y - y + 272 = -a. Suppose 5*f - y = i + 2*i, -f = -4*i - 65. List the prime factors of f.
53
Suppose 85*s - 76*s = 5139. What are the prime factors of s?
571
Suppose -b - 36 = -4*b. Suppose -z + 9 = 1. Suppose z*q - b*q = -212. What are the prime factors of q?
53
Let z = -97 - -205. Let l be 12/66 - (-40)/22. Suppose -l*o + m = -40 - 0, z = 4*o + 5*m. What are the prime factors of o?
2, 11
Let q(d) = d**3 + 9*d**2 + 9*d - 10. Let b(i) = i**2 - i - 7. Let u be b(0). Let y be q(u). Let f = y + 10. List the prime factors of f.
5, 7
Let y = -100 + 190. Let q = y + -25. List the prime factors of q.
5, 13
Suppose -3*d + 438 = 2*p, -117 = -3*p - 3*d + 543. What are the prime factors of p?
2, 3, 37
Let r(n) = 2*n + 7. Let i(o) = 2*o + 7. Let l(t) = -7*i(t) + 6*r(t). List the prime factors of l(-17).
3
Let v = 0 + 5. Suppose 0 = 3*h + 2*f - 486, -5*h - v*f = -2*h - 486. Suppose -2*u + 8*u = h. What are the prime factors of u?
3
Let a be -1 + -1*(-62 - 4). Suppose -a = -0*s - s. List the prime factors of s.
5, 13
Let d = -1764 + 4216. What are the prime factors of d?
2, 613
Let y(c) = 4*c**2 - c. Let q = 14 + -13. Let d be y(q). Suppose h - m = -h + 37, -5*h + d*m + 95 = 0. What are the prime factors of h?
2
Suppose -2*i + 4*i + 28 = 0. List the prime factors of (160 + -2)*(-7)/i.
79
Let p = -20 + 15. Let j(c) = c**2 + 2*c + 5. Let d be j(p). Let i = -8 + d. What are the prime factors of i?
2, 3
Let x be (4/(-10))/(1/(-10 - -5)). Suppose -152 = -0*t - x*t. What are the prime factors of t?
2, 19
Let n be (198/(-110))/((-6)/10). Let c be 3*((-6)/(-9) - 0). Suppose -4*d - d + 248 = n*g, -c*d - 3*g = -92. What are the prime factors of d?
2, 13
List the prime factors of (-111 + 1)*10/(-4).
5, 11
What are the prime factors of 5 - (-1)/(9/8298)?
3, 103
Let i(r) = 10*r**3 + 2*r**2 - 3. Let m be i(3). Suppose -5*b + m = 5*k, 0*b = -5*b - 3*k + 293. What are the prime factors of b?
61
Let i be 8/(-2) + (1 + 1)*2. Suppose i = 26*w - 22*w - 124. What are the prime factors of w?
31
Let a be (2 + -22)/5 - -11. Suppose -6*z = 3*q - a*z - 756, -4*q + 2*z + 1010 = 0. Li